/(-21))*-1947?
11, 59
Let r(a) = a**2 - 8*a - 7. Let k(v) = v**2 + 15*v - 25. Let n be k(-17). What are the prime factors of r(n)?
2
Suppose -4*b - 2*x = b - 1846, 3*b - 1095 = 3*x. List the prime factors of b.
2, 23
List the prime factors of 48685/13 + 42/(-6).
2, 3, 7, 89
Suppose 0 = 5*s - 4 - 6, -4*x + 5*s = -6. Suppose 2*u = 3*u, x*l - 5*u - 108 = 0. Let y = 85 - l. List the prime factors of y.
2, 29
Let t be (-2)/(-4)*2 - (-10 - 2). Suppose -350 = 8*h - t*h. List the prime factors of h.
2, 5, 7
List the prime factors of (-329)/2*(-6 - 6 - 4).
2, 7, 47
Let f be (12 - -1)/(-2 + 1). Suppose -4*a + 0*p = 2*p - 204, 5*a - 273 = 2*p. Let d = f + a. List the prime factors of d.
2, 5
Let p be (0 + 6)*(-3)/(-6). Suppose 0*f = -p*f + 9. List the prime factors of (3 + 60/4)*f.
2, 3
Let j(q) = -q**3 + 13*q**2 + 6*q + 8. Let a be j(13). Let f = a - 38. What are the prime factors of f?
2, 3
Suppose -4*u = 2*y - 1492, -4*y + 1029 + 1933 = -3*u. List the prime factors of y.
2, 7, 53
Suppose 5*p - 2*f - 16 = f, -4 = -5*p - 3*f. Suppose 2*x + 123 = l - p*x, 1 = -x. What are the prime factors of l?
7, 17
Let g(v) = -v + 3. Let o be g(3). Let m be (-1 - o)/(-1) - 0. List the prime factors of (12/(-16))/(m/(-44)).
3, 11
Suppose 3*b + c + 1 = 0, -2*c = -4*b + 2 - 0. Suppose b*s = -7*s + 182. What are the prime factors of s?
2, 13
Suppose -z - 3*z - 5*l = -8937, 0 = l - 5. List the prime factors of z.
2, 557
Let a(m) = -m + 5. Let i be a(7). Let k be -1*30/4*2/(-3). Let p = i + k. What are the prime factors of p?
3
Suppose 3*x = 3 + 3. Let r be (-5)/(20/(-8)) - x. Suppose r*n - 18 = -n. List the prime factors of n.
2, 3
Let r be (10 + -11)/((-1)/2). Let w(u) = -1 + u**r + 6 + 2 - 6*u + 1. What are the prime factors of w(6)?
2
Let z be (-5 - 4)/(-1 + 0). Let s be (-11)/(-4) - z/(-36). Suppose y = -s*y + 28. List the prime factors of y.
7
What are the prime factors of -1*6 - ((-3 - -7) + -1924)?
2, 3, 11, 29
Suppose 2*b = -2*t + 3216, 2 - 17 = -5*t. List the prime factors of b.
3, 5, 107
Suppose 4*x = 2*w - 822, -3*w - 4*x + 1260 = -x. Suppose w = 7*s - 213. What are the prime factors of s?
2, 3, 5
Suppose -48*g = -47*g - 1158. What are the prime factors of g?
2, 3, 193
Let g(l) = 18*l**2 - 42*l - 10. What are the prime factors of g(-7)?
2, 11, 53
Let d be (-2 + 10/7)/(3/(-21)). What are the prime factors of (d - -4)/((-3)/(-33))?
2, 11
Suppose -2*p + 24*k - 26*k = -3656, -4*p + 2*k + 7306 = 0. List the prime factors of p.
3, 7, 29
Let y = 27 + 169. Suppose 4*n = -4*d + y + 112, 4*d + 67 = n. List the prime factors of n.
3, 5
Let n be (18/(-15))/(15/(-7450)). Suppose 5*l + c = -0*c + 601, 5*l - 4*c = n. What are the prime factors of l?
2, 3, 5
Let k = 939 - -89. List the prime factors of k.
2, 257
Let b = 4 - 2. Let n be (1 - 6)/(b/26). Let z = n - -94. List the prime factors of z.
29
Suppose 2*y - 3*y - 3*z = -199, -579 = -3*y - 3*z. What are the prime factors of y/(-20)*12/(2/(-2))?
2, 3, 19
Let a = 1690 + -955. List the prime factors of a.
3, 5, 7
Suppose -4*n = 3*c - 8*n + 643, 215 = -c + 2*n. Let w = 353 + c. What are the prime factors of w?
2, 5, 7
Let w(v) = 409*v - 44. List the prime factors of w(1).
5, 73
Let g(i) be the second derivative of -i**3/6 - i**2 - i. Let o be g(-6). Let t(y) = 2*y**2 + 2*y + 1. List the prime factors of t(o).
41
Let a(v) = 3*v**2 - 17*v - 177. List the prime factors of a(16).
11, 29
Suppose -h + 6*h = q - 98, 4*h = 3*q - 272. Suppose 4*d - q = -0*d - 2*j, 0 = -j. List the prime factors of d.
2, 11
Suppose 7 = 2*h - 5. Suppose h*y - 3*y = 102. What are the prime factors of y?
2, 17
Suppose -129 - 1398 = -3*q. List the prime factors of q.
509
What are the prime factors of (-5 - -10)*(-12)/(-15) - -275?
3, 31
Let y be 3 - ((6 - 2) + -4). List the prime factors of ((-8)/(-20))/(y/570).
2, 19
Suppose 4*p + 6*p = 7*p. Suppose 380 = 5*u - 0*t - 5*t, p = t - 4. What are the prime factors of u?
2, 5
Let l(d) = -2*d**3 + 8*d**2 + 5*d + 7. List the prime factors of l(4).
3
Let g = -4849 - -9680. List the prime factors of g.
4831
List the prime factors of (6/4)/(34530/(-11512) - -3).
2, 1439
Suppose 46*t - 45 = 41*t. List the prime factors of t.
3
Let w = 110 - 76. Let r(m) = 4*m + 4. Let p be r(-7). Let x = p + w. List the prime factors of x.
2, 5
Let q = 693 + 170. List the prime factors of q.
863
Suppose -7*q + 70 = -2*q. Let w be q/4*20/35. Suppose w*f - 104 - 8 = 0. List the prime factors of f.
2, 7
Let j(n) = -n**3 + 3*n**2 - 4*n - 3. Let z be j(4). Let q = -19 - z. What are the prime factors of 0 + q - (-3 + 1)?
2, 3
List the prime factors of 13 + 2791 - (-14 + 8).
2, 5, 281
Let b(i) = -i**2 + 7*i + 19. Let d be b(-5). Let f = d + 272. List the prime factors of f.
3, 7, 11
Let n = 7 + -9. Let z be -2 + -1*(n + 23). Let r = -12 - z. List the prime factors of r.
11
Suppose 0 = 4*h + 2*l + 136, 107 - 31 = -2*h + l. Let r = 289 + h. What are the prime factors of r?
11, 23
Suppose 9*n - 546 = 759. Let g = -62 + n. What are the prime factors of g?
83
Suppose -u = o - 6 + 3, u - 12 = -4*o. Suppose 180 = o*n + 3*n. What are the prime factors of n?
2, 3, 5
Let l be (-168)/(-27) + (-10)/45. Suppose 3*y = -0 + l. Suppose y*w - q - 74 = -5, 0 = -3*w - q + 111. What are the prime factors of w?
2, 3
Let d(i) = -20*i**3 - 4*i**2 - 4*i - 3. Let y be d(-2). Suppose -4*h = -3*a + y + 73, -5*a + 347 = h. What are the prime factors of a?
2, 5, 7
Let n(i) = -i + 2. Let b = -22 - -21. Let o be n(b). Suppose 0*l + o = l. What are the prime factors of l?
3
Let t(r) = 8 - r + 6*r - 3*r - 1. Suppose -4*x + 26 + 2 = 0. List the prime factors of t(x).
3, 7
Suppose -3*o + 20 = 2*o, 0 = -3*w + 3*o - 12. Suppose 2*d = -2*n - w*d, 4*n - 3*d = 21. Suppose n*c = -0*c + 9. List the prime factors of c.
3
Suppose 0 = m - 3*y - 89, -4*m + 5*y - 31 = -373. Suppose 1 = -2*l + m. List the prime factors of l.
41
List the prime factors of (-2134)/(189/15 - 13).
5, 11, 97
Suppose 20*q = 5*q + 38100. What are the prime factors of q?
2, 5, 127
Let z = 182 - 92. List the prime factors of z.
2, 3, 5
Let p(u) be the third derivative of u**6/120 - u**5/60 - u**4/24 + 4*u**3 + 13*u**2. Let y = 2 + -2. What are the prime factors of p(y)?
2, 3
Let q be ((-18)/(-15))/(6/(-15)). Let v = 15 - q. Suppose 0 = -0*y - 2*y + v. List the prime factors of y.
3
Suppose b - 6*x = -7*x + 87, 0 = -3*x - 12. List the prime factors of b.
7, 13
Suppose -i + 37 = 2*a + 15, 0 = 5*i. Let b = a + -10. List the prime factors of b/4 + (-70)/(-8).
3
Let l(u) = -u**2 - 10*u + 6. Let a be l(-10). Suppose -d + 4*j - 3 = -2*d, -2*d + a = j. Suppose d*i - 8 = -i. List the prime factors of i.
2
Let t = -26 - -30. Suppose -t = -w - 3*z + 8, -w + 6 = z. What are the prime factors of w?
3
Let y(l) = -13*l - 3. Let x(i) = -i**2 - 9*i - 3. Let h be x(-9). Let u be y(h). Suppose -p = p - u. What are the prime factors of p?
2, 3
Let v be (208/(-13))/(2/(-10)). Suppose v - 484 = -4*s. List the prime factors of s.
101
Let a(x) = x**3 + 29*x**2 - 9*x + 4. Let v be a(-29). Suppose 4*c + d - 443 = 0, 294 = 5*c + 3*d - v. List the prime factors of c.
2, 5, 11
Let x(k) = -k. Let j(u) = -2*u**2 + 3*u + 1. Let v(a) = -j(a) - 6*x(a). What are the prime factors of v(-4)?
19
Let i(p) be the first derivative of -p**2 + 2*p + 6. Let f be i(-1). Suppose 5*r + 144 = f*a, -127 = a - 4*a - r. List the prime factors of a.
41
Suppose 0 = -10*l + 6714 - 1724. What are the prime factors of l?
499
Let p(b) = -3*b - 5. Let u(q) = -3*q - 6. Let f(i) = -6*p(i) + 5*u(i). Let t be f(-2). Let w(k) = -2*k + 10. List the prime factors of w(t).
2, 11
Let d = -53 + 55. List the prime factors of 127 + (-4)/4*d.
5
Let m = -20 + 26. Suppose -m*z = -4*z - 114. List the prime factors of z.
3, 19
Let z be (-62)/(-4) - 3/(-6). Suppose -z*m = -14*m - 80. What are the prime factors of m?
2, 5
Suppose -7*b + 6 = 48. List the prime factors of 2 - 1 - 6*56/b.
3, 19
Suppose -2370 = 2*b - 8142. What are the prime factors of b?
2, 3, 13, 37
Let w(h) = 17 + 13 + 4 + h + 2. List the prime factors of w(0).
2, 3
What are the prime factors of (-8 - 10944/(-12)) + 3 + 0?
907
Suppose 5*n + 43*n - 177600 = 0. What are the prime factors of n?
2, 5, 37
Suppose -5*k = 0, 4*k = 3*w - 0*k - 10851. What are the prime factors of w?
3617
Let c = -17 - -9. Let y = 7 + c. List th